{"id":508,"date":"2021-03-16T12:20:50","date_gmt":"2021-03-16T11:20:50","guid":{"rendered":"http:\/\/gckchwalowice.pl\/?page_id=508"},"modified":"2025-02-25T09:22:15","modified_gmt":"2025-02-25T08:22:15","slug":"deklaracja-dostepnosci","status":"publish","type":"page","link":"https:\/\/gckchwalowice.pl\/?page_id=508","title":{"rendered":"Deklaracja dost\u0119pno\u015bci"},"content":{"rendered":"\n<figure class=\"wp-block-image size-large\"><img loading=\"lazy\" decoding=\"async\" width=\"1024\" height=\"460\" src=\"http:\/\/gckchwalowice.pl\/wp-content\/uploads\/2021\/03\/R09d4cd9943954ff41e7609dce7a3fbf2-1024x460.jpg\" alt=\"\" class=\"wp-image-509\" srcset=\"https:\/\/gckchwalowice.pl\/wp-content\/uploads\/2021\/03\/R09d4cd9943954ff41e7609dce7a3fbf2-1024x460.jpg 1024w, https:\/\/gckchwalowice.pl\/wp-content\/uploads\/2021\/03\/R09d4cd9943954ff41e7609dce7a3fbf2-300x135.jpg 300w, https:\/\/gckchwalowice.pl\/wp-content\/uploads\/2021\/03\/R09d4cd9943954ff41e7609dce7a3fbf2-768x345.jpg 768w, https:\/\/gckchwalowice.pl\/wp-content\/uploads\/2021\/03\/R09d4cd9943954ff41e7609dce7a3fbf2-1536x689.jpg 1536w, https:\/\/gckchwalowice.pl\/wp-content\/uploads\/2021\/03\/R09d4cd9943954ff41e7609dce7a3fbf2-2048x919.jpg 2048w, https:\/\/gckchwalowice.pl\/wp-content\/uploads\/2021\/03\/R09d4cd9943954ff41e7609dce7a3fbf2-1140x512.jpg 1140w\" sizes=\"auto, (max-width: 1024px) 100vw, 1024px\" \/><\/figure>\n\n\n\n<div class=\"wp-block-buttons is-layout-flex wp-block-buttons-is-layout-flex\">\n<div class=\"wp-block-button\"><a class=\"wp-block-button__link wp-element-button\" href=\"http:\/\/gckchwalowice.pl\/wp-content\/uploads\/2021\/03\/dek-dos-2rotate.pdf\" style=\"border-radius:8px\" target=\"_blank\" rel=\"noreferrer noopener\">ZARZ\u0104DZENIE <\/a><\/div>\n<\/div>\n\n\n\n<p><\/p>\n\n\n\n<div class=\"wp-block-buttons is-layout-flex wp-block-buttons-is-layout-flex\">\n<div class=\"wp-block-button\"><a class=\"wp-block-button__link wp-element-button\" href=\"http:\/\/gckchwalowice.pl\/wp-content\/uploads\/2021\/03\/dek-dos-rotate.pdf\" style=\"border-radius:8px\">PLAN DZIA\u0141A\u0143<\/a><\/div>\n<\/div>\n\n\n<h1>\u00a0<\/h1>\n<h1>Deklaracja dost\u0119pno\u015bci<\/h1>\n<section id=\"a11y-wstep\">\n<p><span id=\"a11y-podmiot\">Gminne Centrum Kultury w Radomy\u015blu nad Sanem z siedzib\u0105 w Chwa\u0142owicach<\/span> zobowi\u0105zuje si\u0119 zapewni\u0107 dost\u0119pno\u015b\u0107 swojej <span id=\"a11y-zakres\">strony internetowej <\/span>zgodnie z ustaw\u0105 z dnia 4 kwietnia 2019 r. o dost\u0119pno\u015bci cyfrowej stron internetowych i aplikacji mobilnych podmiot\u00f3w publicznych.<\/p>\n<p>Deklaracja dost\u0119pno\u015bci dotyczy strony<br \/><a id=\"a11y-url\" href=\"http:\/\/www.gckchwalowice.pl\" target=\"_blank\" rel=\"noopener\">http:\/\/www.gckchwalowice.pl<\/a>.<\/p>\n<\/section>\n<section>\n<ul>\n<li>Data publikacji strony internetowej:<br \/><time id=\"a11y-data-publikacja\" datetime=\"2020-06-30\">30 czerwca 2020 r.<\/time><\/li>\n<li>Data ostatniej istotnej aktualizacji:<br \/><time id=\"a11y-data-aktualizacja\" datetime=\"2020-06-23\">25 marca 2024 r.<\/time><\/li>\n<\/ul>\n<\/section>\n<section>\n<h2>Stan dost\u0119pno\u015bci cyfrowej<\/h2>\n<\/section>\n<section>\n<h2>Przygotowanie deklaracji dost\u0119pno\u015bci<\/h2>\n<ul>\n<li>Data sporz\u0105dzenia deklaracji:<br \/><time id=\"a11y-data-sporzadzenie\" datetime=\"2024-06-25\">25 czerwca 2024 r.<\/time><\/li>\n<li>Data ostatniego przegl\u0105du deklaracji:<br \/><time id=\"a11y-data-przeglad\" datetime=\"2025-02-25\">25 lutego 2025 r.<\/time><\/li>\n<\/ul>\n<p>Deklaracj\u0119 sporz\u0105dzili\u015bmy na podstawie samooceny w oparciu o<br \/><a href=\"https:\/\/www.gov.pl\/attachment\/1a3e2bb5-6d60-4897-ac2f-07a8e91e70ed\">List\u0119 kontroln\u0105 do badania dost\u0119pno\u015bci cyfrowej strony internetowej v. 2.2 (docx, 0,12MB)<\/a>.<\/p>\n<\/section>\n<section>\n<h2>Informacje zwrotne i dane kontaktowe<\/h2>\n<p>Wszystkie problemy z dost\u0119pno\u015bci\u0105 cyfrow\u0105 tej strony internetowej mo\u017cesz zg\u0142osi\u0107 do <span id=\"a11y-kontakt\">Marlena Lachowska<\/span>&#8211; mailowo <a id=\"a11y-email\" href=\"mailto:kultura@gckchwalowice.pl\">kultura@gckchwalowice.pl<\/a> lub telefonicznie <a id=\"a11y-telefon\" href=\"tel:607469281\">607469281 <\/a>.<\/p>\n<p>Ka\u017cdy ma prawo wyst\u0105pi\u0107 z \u017c\u0105daniem zapewnienia dost\u0119pno\u015bci cyfrowej tej strony internetowej lub jej element\u00f3w.<\/p>\n<p>Zg\u0142aszaj\u0105c takie \u017c\u0105danie podaj:<\/p>\n<ul>\n<li>swoje imi\u0119 i nazwisko,<\/li>\n<li>swoje dane kontaktowe (np. numer telefonu, e-mail),<\/li>\n<li>dok\u0142adny adres strony internetowej, na kt\u00f3rej jest niedost\u0119pny cyfrowo element lub tre\u015b\u0107,<\/li>\n<li>opis na czym polega problem i jaki spos\u00f3b jego rozwi\u0105zania by\u0142by dla Ciebie najwygodniejszy.<\/li>\n<\/ul>\n<p>Na Twoje zg\u0142oszenie odpowiemy najszybciej jak to mo\u017cliwe, nie p\u00f3\u017aniej ni\u017c w ci\u0105gu 7 dni od jego otrzymania.<\/p>\n<p>Je\u017celi ten termin b\u0119dzie dla nas zbyt kr\u00f3tki poinformujemy Ci\u0119 o tym. W tej informacji podamy nowy termin, do kt\u00f3rego poprawimy zg\u0142oszone przez Ciebie b\u0142\u0119dy lub przygotujemy informacje w alternatywny spos\u00f3b. Ten nowy termin nie b\u0119dzie d\u0142u\u017cszy ni\u017c 2 miesi\u0105ce.<\/p>\n<p>Je\u017celi nie b\u0119dziemy w stanie zapewni\u0107 dost\u0119pno\u015bci cyfrowej strony internetowej lub tre\u015bci, wskazanej w Twoim \u017c\u0105daniu, zaproponujemy Ci dost\u0119p do nich w alternatywny spos\u00f3b.<\/p>\n<\/section>\n<section id=\"a11y-procedura\">\n<h2>Obs\u0142uga wniosk\u00f3w i skarg zwi\u0105zanych z dost\u0119pno\u015bci\u0105<\/h2>\n<p>Je\u017celi w odpowiedzi na Tw\u00f3j wniosek o zapewnienie dost\u0119pno\u015bci cyfrowej, odm\u00f3wimy zapewnienia \u017c\u0105danej przez Ciebie dost\u0119pno\u015bci cyfrowej, a Ty nie zgadzasz si\u0119 z t\u0105 odmow\u0105, masz prawo z\u0142o\u017cy\u0107 skarg\u0119.<\/p>\n<p>Skarg\u0119 masz prawo z\u0142o\u017cy\u0107 tak\u017ce, je\u015bli nie zgadzasz si\u0119 na skorzystanie z alternatywnego sposobu dost\u0119pu, kt\u00f3ry zaproponowali\u015bmy Ci w odpowiedzi na Tw\u00f3j wniosek o zapewnienie dost\u0119pno\u015bci cyfrowej.<\/p>\n<p>Ewentualn\u0105 skarg\u0119 z\u0142\u00f3\u017c listownie lub mailem do kierownictwa naszego urz\u0119du:<\/p>\n<ul>\n<li><span id=\"a11y-procedura-kierownik\">Leokadia Guga\u0142a &#8211; p.o. Dyrektor Gminnego Centrum Kultury w Radomy\u015blu nad Sanem z siedzib\u0105 w Chwa\u0142owicach<\/span>,<\/li>\n<li>Adres:<br \/><span id=\"a11y-procedura-adres\">Chwa\u0142owice 132, 37-455 Radomy\u015bl nad Sanem<\/span>,<\/li>\n<li>mail:<br \/><a id=\"a11y-procedura-email\" href=\"mailto:kultura@gckchwalowice.pl\">kultura@gckchwalowice.pl<\/a>.<\/li>\n<\/ul>\n<p><a href=\"https:\/\/www.gov.pl\/web\/gov\/zloz-wniosek-o-zapewnienie-dostepnosci-cyfrowej-strony-internetowej-lub-aplikacji-mobilnej\">Pomocne mog\u0105 by\u0107 informacje, kt\u00f3re mo\u017cna znale\u017a\u0107 na rz\u0105dowym portalu gov.pl<\/a>.<\/p>\n<p>Mo\u017cesz tak\u017ce poinformowa\u0107 o tej sytuacji <a href=\"https:\/\/bip.brpo.gov.pl\/\">Rzecznika Praw Obywatelskich<\/a>i poprosi\u0107 o interwencj\u0119 w Twojej sprawie.<\/p>\n<\/section>\n<section>\n<h2>Pozosta\u0142e informacje<\/h2>\n<section id=\"a11y-architektura\">\n<h3>Dost\u0119pno\u015b\u0107 architektoniczna<\/h3>\n<section>\n<h4>Gminne Centrum Kultury w Radomy\u015blu nad Sanem z siedzib\u0105 w Chwa\u0142owicach<\/h4>\n<address class=\"mb-0\">\n<div>Chwa\u0142owice 132<\/div>\n<div>37-455 Radomy\u015bl nad Sanem<\/div>\n<\/address>\n<section>\n<h5>Parking<\/h5>\n<ul>\n<li>Mo\u017cesz skorzysta\u0107 z miejsca parkingowego. Na parkingu wyznaczyli\u015bmy 2 miejsc przeznaczonych dla os\u00f3b niepe\u0142nosprawnych. Pami\u0119taj o zabraniu karty parkingowej i umieszczeniu jej za szyb\u0105.<\/li>\n<li>Od miejsca parkingowego do wej\u015bcia do budynku odleg\u0142o\u015b\u0107 wynosi oko\u0142o 10 metr\u00f3w.<\/li>\n<li>Parking jest bezp\u0142atny.<\/li>\n<\/ul>\n<\/section>\n<section>\n<h5>Pies asystuj\u0105cy<\/h5>\n<ul>\n<li>Mo\u017cesz przyj\u015b\u0107 z psem asystuj\u0105cym lub psem przewodnikiem. Pami\u0119taj o certyfikacie psa asystuj\u0105cego i za\u015bwiadczeniu o szczepieniu.<\/li>\n<li>Pies musi mie\u0107 kaganiec. Nie dotyczy ps\u00f3w przewodnik\u00f3w.<\/li>\n<li>Zapewniamy wod\u0119 dla zwierzaka.<\/li>\n<\/ul>\n<\/section>\n<section>\n<h5>Wej\u015bcie do budynku<\/h5>\n<ul>\n<li>Wej\u015bcie jest na poziomie gruntu. Nie ma przeszk\u00f3d, by wjecha\u0107 na w\u00f3zku.<\/li>\n<li>Przy schodach znajduje si\u0119 por\u0119cz.<\/li>\n<li>Do wej\u015bcia doprowadzona jest sta\u0142a pochylnia o nachyleniu %.<\/li>\n<li>\n<div>Budynek posiada wind\u0119 dla niepe\u0142nosprawnych.<\/div>\n<\/li>\n<li>Drzwi musisz otworzy\u0107 r\u0119cznie.<\/li>\n<li>Otworzenie drzwi nie wymaga du\u017cej si\u0142y.<\/li>\n<li>Drzwi maj\u0105 wygodn\u0105 i ergonomiczn\u0105 klamk\u0119.<\/li>\n<li>Mo\u017cna je \u0142atwo utrzyma\u0107 w pozycji otwartej.<\/li>\n<\/ul>\n<\/section>\n<section>\n<h5>Przestrze\u0144 za wej\u015bciem<\/h5>\n<ul>\n<li>Przestrze\u0144 jest zazwyczaj cicha i spokojna.<\/li>\n<li>Pomieszczenie jest dobrze o\u015bwietlone.<\/li>\n<li>Blat jest obni\u017cony i mo\u017ce do niego podjecha\u0107 osoba na w\u00f3zku.<\/li>\n<\/ul>\n<\/section>\n<section>\n<h5>Ci\u0105gi poziome<\/h5>\n<ul>\n<li>Wszystkie korytarze s\u0105 dost\u0119pne.<\/li>\n<\/ul>\n<\/section>\n<section>\n<h5>Ci\u0105gi pionowe<\/h5>\n<ul>\n<li>Na inne kondygnacje mo\u017cesz si\u0119 dosta\u0107 za pomoc\u0105 schod\u00f3w<\/li>\n<\/ul>\n<section>\n<h6>Schody<\/h6>\n<ul>\n<li>Przy schodach znajduje si\u0119 por\u0119cz wzd\u0142u\u017c ca\u0142ego ci\u0105gu.<\/li>\n<\/ul>\n<\/section>\n<\/section>\n<section>\n<h5>Pomieszczenia<\/h5>\n<ul>\n<li>Wszystkie pomieszczenia s\u0105 dost\u0119pne dla os\u00f3b na w\u00f3zkach.<\/li>\n<\/ul>\n<\/section>\n<section>\n<h5>\u0141azienka<\/h5>\n<ul>\n<li>W budynku jest toaleta dost\u0119pna dla os\u00f3b z niepe\u0142nosprawno\u015bci\u0105.<\/li>\n<li>Drzwi otwieraj\u0105 si\u0119 na zewn\u0105trz.<\/li>\n<li>Nie ma przeszk\u00f3d, by wjecha\u0107 na w\u00f3zku do \u0142azienki.<\/li>\n<li>Na \u015bcianach s\u0105 zamontowane por\u0119cze.<\/li>\n<li>Pochwyt jest po lewej stronie ust\u0119pu.<\/li>\n<\/ul>\n<\/section>\n<\/section>\n<\/section>\n<section id=\"a11y-komunikacja\">\n<h3>\u00a0<\/h3>\n<\/section>\n<\/section>","protected":false},"excerpt":{"rendered":"<p>\u00a0 Deklaracja dost\u0119pno\u015bci Gminne Centrum Kultury w Radomy\u015blu nad Sanem z siedzib\u0105 w Chwa\u0142owicach zobowi\u0105zuje si\u0119 zapewni\u0107 dost\u0119pno\u015b\u0107 swojej strony internetowej zgodnie z ustaw\u0105 z dnia 4 kwietnia 2019 r. o dost\u0119pno\u015bci cyfrowej stron internetowych i aplikacji mobilnych podmiot\u00f3w publicznych. Deklaracja dost\u0119pno\u015bci dotyczy stronyhttp:\/\/www.gckchwalowice.pl. Data publikacji strony internetowej:30 czerwca 2020 r. Data ostatniej istotnej aktualizacji:25 marca 2024 r. Stan dost\u0119pno\u015bci cyfrowej Przygotowanie deklaracji dost\u0119pno\u015bci Data sporz\u0105dzenia deklaracji:25 czerwca 2024 r. Data ostatniego przegl\u0105du deklaracji:25 lutego 2025 r. Deklaracj\u0119 sporz\u0105dzili\u015bmy na podstawie samooceny w oparciu oList\u0119 kontroln\u0105 do badania dost\u0119pno\u015bci cyfrowej strony internetowej v. 2.2 (docx, 0,12MB). Informacje zwrotne i dane kontaktowe Wszystkie problemy z dost\u0119pno\u015bci\u0105 cyfrow\u0105 tej strony internetowej mo\u017cesz zg\u0142osi\u0107 do Marlena Lachowska&#8211; mailowo kultura@gckchwalowice.pl lub telefonicznie 607469281 . Ka\u017cdy ma prawo wyst\u0105pi\u0107 z \u017c\u0105daniem zapewnienia dost\u0119pno\u015bci cyfrowej tej strony internetowej lub jej element\u00f3w. Zg\u0142aszaj\u0105c takie \u017c\u0105danie podaj: swoje imi\u0119 i nazwisko, swoje dane kontaktowe (np. numer telefonu, e-mail), dok\u0142adny adres strony internetowej, na kt\u00f3rej jest niedost\u0119pny cyfrowo element lub tre\u015b\u0107, opis na czym polega problem i jaki spos\u00f3b jego rozwi\u0105zania by\u0142by dla Ciebie najwygodniejszy. Na Twoje zg\u0142oszenie odpowiemy najszybciej jak to mo\u017cliwe, nie p\u00f3\u017aniej ni\u017c w ci\u0105gu 7 dni od jego otrzymania. Je\u017celi ten termin b\u0119dzie dla nas zbyt kr\u00f3tki poinformujemy Ci\u0119 o tym. W tej informacji podamy nowy termin, do kt\u00f3rego poprawimy zg\u0142oszone przez Ciebie b\u0142\u0119dy lub przygotujemy informacje w alternatywny spos\u00f3b. Ten nowy termin nie b\u0119dzie d\u0142u\u017cszy ni\u017c 2 miesi\u0105ce. Je\u017celi nie b\u0119dziemy w stanie zapewni\u0107 dost\u0119pno\u015bci cyfrowej strony internetowej lub tre\u015bci, wskazanej w Twoim \u017c\u0105daniu, zaproponujemy Ci dost\u0119p do nich w alternatywny spos\u00f3b. Obs\u0142uga wniosk\u00f3w i skarg zwi\u0105zanych z dost\u0119pno\u015bci\u0105 Je\u017celi w odpowiedzi na Tw\u00f3j wniosek o zapewnienie dost\u0119pno\u015bci cyfrowej, odm\u00f3wimy zapewnienia \u017c\u0105danej przez Ciebie dost\u0119pno\u015bci cyfrowej, a Ty nie zgadzasz si\u0119 z t\u0105 odmow\u0105, masz prawo z\u0142o\u017cy\u0107 skarg\u0119. Skarg\u0119 masz prawo z\u0142o\u017cy\u0107 tak\u017ce, je\u015bli nie zgadzasz si\u0119 na skorzystanie z alternatywnego sposobu dost\u0119pu, kt\u00f3ry zaproponowali\u015bmy Ci w odpowiedzi na Tw\u00f3j wniosek o zapewnienie dost\u0119pno\u015bci cyfrowej. Ewentualn\u0105 skarg\u0119 z\u0142\u00f3\u017c listownie lub mailem do kierownictwa naszego urz\u0119du: Leokadia Guga\u0142a &#8211; p.o. Dyrektor Gminnego Centrum Kultury w Radomy\u015blu nad Sanem z siedzib\u0105 w Chwa\u0142owicach, Adres:Chwa\u0142owice 132, 37-455 Radomy\u015bl nad Sanem, mail:kultura@gckchwalowice.pl. Pomocne mog\u0105 by\u0107 informacje, kt\u00f3re mo\u017cna znale\u017a\u0107 na rz\u0105dowym portalu gov.pl. Mo\u017cesz tak\u017ce poinformowa\u0107 o tej sytuacji Rzecznika Praw Obywatelskichi poprosi\u0107 o interwencj\u0119 w Twojej sprawie. Pozosta\u0142e informacje Dost\u0119pno\u015b\u0107 architektoniczna Gminne Centrum Kultury w Radomy\u015blu nad Sanem z siedzib\u0105 w Chwa\u0142owicach Chwa\u0142owice 132 37-455 Radomy\u015bl nad Sanem Parking Mo\u017cesz skorzysta\u0107 z miejsca parkingowego. Na parkingu wyznaczyli\u015bmy 2 miejsc przeznaczonych dla os\u00f3b niepe\u0142nosprawnych. Pami\u0119taj o zabraniu karty parkingowej i umieszczeniu jej za szyb\u0105. Od miejsca parkingowego do wej\u015bcia do budynku odleg\u0142o\u015b\u0107 wynosi oko\u0142o 10 metr\u00f3w. Parking jest bezp\u0142atny. Pies asystuj\u0105cy Mo\u017cesz przyj\u015b\u0107 z psem asystuj\u0105cym lub psem przewodnikiem. Pami\u0119taj o certyfikacie psa asystuj\u0105cego i za\u015bwiadczeniu o szczepieniu. Pies musi mie\u0107 kaganiec. Nie dotyczy ps\u00f3w przewodnik\u00f3w. Zapewniamy wod\u0119 dla zwierzaka. Wej\u015bcie do budynku Wej\u015bcie jest na poziomie gruntu. Nie ma przeszk\u00f3d, by wjecha\u0107 na w\u00f3zku. Przy schodach znajduje si\u0119 por\u0119cz. Do wej\u015bcia doprowadzona jest sta\u0142a pochylnia o nachyleniu %. Budynek posiada wind\u0119 dla niepe\u0142nosprawnych. Drzwi musisz otworzy\u0107 r\u0119cznie. Otworzenie drzwi nie wymaga du\u017cej si\u0142y. Drzwi maj\u0105 wygodn\u0105 i ergonomiczn\u0105 klamk\u0119. Mo\u017cna je \u0142atwo utrzyma\u0107 w pozycji otwartej. Przestrze\u0144 za wej\u015bciem Przestrze\u0144 jest zazwyczaj cicha i spokojna. Pomieszczenie jest dobrze o\u015bwietlone. Blat jest obni\u017cony i mo\u017ce do niego podjecha\u0107 osoba na w\u00f3zku. Ci\u0105gi poziome Wszystkie korytarze s\u0105 dost\u0119pne. Ci\u0105gi pionowe Na inne kondygnacje mo\u017cesz si\u0119 dosta\u0107 za pomoc\u0105 schod\u00f3w Schody Przy schodach znajduje si\u0119 por\u0119cz wzd\u0142u\u017c ca\u0142ego ci\u0105gu. Pomieszczenia Wszystkie pomieszczenia s\u0105 dost\u0119pne dla os\u00f3b na w\u00f3zkach. \u0141azienka W budynku jest toaleta dost\u0119pna dla os\u00f3b z niepe\u0142nosprawno\u015bci\u0105. Drzwi otwieraj\u0105 si\u0119 na zewn\u0105trz. Nie ma przeszk\u00f3d, by wjecha\u0107 na w\u00f3zku do \u0142azienki. Na \u015bcianach s\u0105 zamontowane por\u0119cze. Pochwyt jest po lewej stronie ust\u0119pu. \u00a0<\/p>\n","protected":false},"author":1,"featured_media":0,"parent":0,"menu_order":0,"comment_status":"closed","ping_status":"closed","template":"","meta":{"footnotes":""},"class_list":["post-508","page","type-page","status-publish","hentry"],"_links":{"self":[{"href":"https:\/\/gckchwalowice.pl\/index.php?rest_route=\/wp\/v2\/pages\/508","targetHints":{"allow":["GET"]}}],"collection":[{"href":"https:\/\/gckchwalowice.pl\/index.php?rest_route=\/wp\/v2\/pages"}],"about":[{"href":"https:\/\/gckchwalowice.pl\/index.php?rest_route=\/wp\/v2\/types\/page"}],"author":[{"embeddable":true,"href":"https:\/\/gckchwalowice.pl\/index.php?rest_route=\/wp\/v2\/users\/1"}],"replies":[{"embeddable":true,"href":"https:\/\/gckchwalowice.pl\/index.php?rest_route=%2Fwp%2Fv2%2Fcomments&post=508"}],"version-history":[{"count":7,"href":"https:\/\/gckchwalowice.pl\/index.php?rest_route=\/wp\/v2\/pages\/508\/revisions"}],"predecessor-version":[{"id":10520,"href":"https:\/\/gckchwalowice.pl\/index.php?rest_route=\/wp\/v2\/pages\/508\/revisions\/10520"}],"wp:attachment":[{"href":"https:\/\/gckchwalowice.pl\/index.php?rest_route=%2Fwp%2Fv2%2Fmedia&parent=508"}],"curies":[{"name":"wp","href":"https:\/\/api.w.org\/{rel}","templated":true}]}}